be ((-186)/8)/(1/(-4)). Let p = 267 + a. Calculate the greatest common divisor of i and p.
40
Suppose 27*u - 4474 + 1153 = 0. What is the highest common factor of 656 and u?
41
Let b = 117 + -115. Suppose -a - 92 = 3*k + 85, b*a = -6. Let y = 69 + k. Calculate the greatest common factor of 88 and y.
11
Let f = 4327 - 4174. What is the highest common divisor of 1020 and f?
51
Let q = -227 + 240. Suppose -q*v + 3338 = -718. Calculate the greatest common divisor of v and 24.
24
Suppose -6957 + 7517 = 40*d. Calculate the greatest common divisor of d and 86.
2
Let i be 23 - (0/2 + -1). Suppose 3620 = 1152*u - 1142*u - 5*n, -u + 3*n + 332 = 0. Calculate the greatest common divisor of i and u.
8
Suppose -3*i - 3*q = -q + 110, i = -5*q - 54. Let a be ((3 - 1) + 5)*i/(-17). Suppose -a = -7*n + 21. What is the highest common factor of n and 2?
1
Suppose 3*c - 7 = 23. Suppose a - c*d = -5*d + 402, -4*d = -2*a + 810. Calculate the greatest common factor of 37 and a.
37
Suppose 184*m + 78 = -20*m + 282. Calculate the greatest common factor of m and 12.
1
Suppose -282 + 84 = -j. Suppose -u + 25*u - 880 = -16*u. Calculate the highest common factor of j and u.
22
Let v = 559 - 297. Let t = -121 + 299. Let b = v - t. What is the highest common factor of 126 and b?
42
Let i(q) = 21*q**2 - 571*q - 81. Let t be i(28). Calculate the greatest common divisor of 3002 and t.
79
Suppose 12 = -4*k, 6*k - 7*k + 303 = -3*q. Let p be (-4 - q/18)*3. Suppose 0 = 5*d + 15, 0 = -4*t - d + 6*d + 115. What is the highest common factor of t and p?
5
Let b = 430 + -428. Let v be 1 - (-56)/16*b. Calculate the greatest common divisor of 20 and v.
4
Let g = 4 - -108. Suppose -3*y = -g + 22. What is the greatest common divisor of y and 120?
30
Suppose 4183*p = 4182*p + 5734. Calculate the highest common factor of 235 and p.
47
Let s = 66 + -55. Let d(z) = -15*z**2 + s + 15*z - 35*z - z**3 + 2*z + 2*z. Let w be d(-14). What is the highest common factor of 39 and w?
39
Suppose 0 = 64*b - 59*b - 155. Suppose 5*q + 0*q + b = p, 5*q + 67 = 2*p. Let z(l) = -l + 9. Let s be z(0). Calculate the highest common divisor of s and p.
9
Let c be ((-28)/(-10))/(6*(-12)/(-15480)). Calculate the highest common divisor of c and 28.
14
Let c(p) = 70*p**3 - 13*p**2 + 36*p - 20. Let v be c(2). Calculate the highest common divisor of v and 980.
140
Let f(w) = 7 - 25*w**3 - 2*w + 44*w**3 - 18*w**3 - 14*w**2. Let d be f(14). Let z be (d - -2 - -2)/(-1). Calculate the highest common divisor of 136 and z.
17
Let b = -2301 + 2401. Calculate the highest common factor of b and 150.
50
Let v(f) = -4*f + 3*f + 2*f + 2*f + 42 + 102. Let j be v(-32). Calculate the highest common divisor of 10 and j.
2
Let w(t) = t**2 + 5*t - 56. Let c(j) = -j**3 + 2*j - 12. Let u be c(-3). Let g be w(u). What is the greatest common divisor of g and 14?
14
Suppose -45172 = -44*z + 179624. What is the greatest common divisor of z and 655?
131
Let n = 26 - 22. Let j(f) = -f**3 + 10*f**2 + 48*f - 404. Let v be j(8). What is the highest common factor of v and n?
4
Suppose -219*a + 224301 + 70161 = 579*a. Calculate the highest common factor of a and 108.
9
Let a(d) = d**3 - 23*d**2 + 2*d + 240. Let o be a(23). Calculate the greatest common factor of o and 234.
26
Suppose -13*w - 569 = -1150 - 1174. What is the highest common divisor of 95 and w?
5
Let j(i) = i**3 - 90*i**2 + 51*i + 2260. Let f be j(92). Calculate the greatest common divisor of f and 48.
24
Suppose -512*d + 510*d + 636 = 0. Calculate the highest common divisor of d and 795.
159
Let v(x) = x**2 + 7. Let s be -3*(-1)/3*(-1 - 4). Let q be v(s). Suppose -73 - q = -5*u. What is the highest common factor of 42 and u?
21
Suppose -69 = -3*p + 123. Let a be (0 - 1676/30) + (-10)/75. Let j = a + 64. Calculate the greatest common factor of p and j.
8
Suppose -30 = 3*d + 2*d. Let a(b) = b**2 - 4*b + 3. Let l be a(d). Let n be (16 + 8 + -3)/(3*1). What is the greatest common divisor of n and l?
7
Let j = 9364 - 8145. What is the greatest common factor of 23 and j?
23
Suppose 253*y = 251*y - 6. Let d be (-10)/30 + y/(27/(-129)). What is the greatest common factor of 322 and d?
14
Suppose -70237 - 40627 = -105*c + 23*c. Calculate the greatest common divisor of c and 312.
104
Let b(o) = -56*o + 15. Let x be b(0). Suppose -x*s + 84 = -411. Calculate the highest common factor of 3 and s.
3
Suppose 4 = 4*n - 4. Let l be ((-1 - -29)/2)/n. Suppose 0 = -3*r - 27, -5*w + 14*r + 367 = 16*r. What is the greatest common divisor of w and l?
7
Suppose -20865 = 8*b - 23*b. Suppose 9*i - 3379 = b. What is the highest common divisor of i and 10?
10
Let x = 115735 + -115710. Suppose -2*r + 36 = -3*p, -5*r - p = p - 71. Calculate the greatest common factor of r and x.
5
Let v = 13353 - 8124. What is the highest common divisor of v and 9?
9
Let q be (-29)/(((-148)/(-210) + 52/(-390))/(-4)). Let r be 1 + -7*(-8)/2. What is the highest common divisor of q and r?
29
Suppose 4626 = -2*q - 7*q. Let z = q + 609. Calculate the highest common divisor of z and 15.
5
Let z = 1324 - 1264. Suppose -5*u + 523 = 103. What is the greatest common divisor of u and z?
12
Suppose -8*g + 10 = -22. Suppose 0 = 2*d + 4*y - 47 + 1, -g*d - 5*y = -98. What is the highest common factor of 36 and d?
9
Let l be 40*(-15 + 105/6). Calculate the greatest common divisor of l and 90.
10
Let n = -34 + 112. Let k be (-1412)/(-12) + (-24)/9 + 2. What is the highest common factor of k and n?
39
Let m be (-1 - -33)*((-19250)/(-56) + 3). Calculate the highest common factor of m and 438.
146
Suppose 0 = -2*t + 3*o + 2619, -t + 527 = -o - 780. Calculate the highest common factor of t and 168.
42
Suppose -17*g + 16 = -1. Let a be (g/(-3))/((-19)/1026). What is the greatest common divisor of a and 54?
18
Let g be ((12 - 10)/6)/((-3)/654)*-51. What is the highest common divisor of g and 68?
34
Let b be (-440)/(-1848) - (-1628)/42. Suppose -3*w + 4*w - 663 = 0. Calculate the greatest common divisor of w and b.
39
Suppose 0*l = -5*l. Let w = -7625 - -7638. Suppose -3*r + w*r - 80 = l. Calculate the highest common factor of r and 40.
8
Let i(f) = -f**3 - 35*f**2 + 17*f + 288. Let j be i(-36). What is the highest common divisor of 1836 and j?
108
Suppose -10*d = -1294 + 274. Let s be (18/(-8))/(6/(-16)). Calculate the greatest common factor of s and d.
6
Suppose -7067*i - 2157 = -7081*i + 811. Calculate the highest common divisor of 477 and i.
53
Suppose w - 4*h = 24 + 52, -4*h + 428 = 5*w. Calculate the greatest common factor of 6426 and w.
42
Let r = 2 - -4. Suppose -4*l = i - 137, l - 3*l - 149 = -i. Let j = i - 133. What is the highest common factor of r and j?
6
Let k(j) = -2*j - 15. Let s be k(-32). Let n be 59246/110 - (-8)/20. What is the greatest common factor of n and s?
49
Let k be 2/(-6) + 1430/15. Let b be ((2205/175)/63)/(0 + (-1)/(-285)). What is the highest common factor of b and k?
19
Let m be (-4 + (6 - 0))/((-3)/(-336)). Calculate the highest common divisor of m and 322.
14
Suppose -39704 = -92*n + 33896. Calculate the highest common divisor of n and 30.
10
Suppose -477*g = -472*g - 100. Let l be (-2)/16 + 7818/(-48). Let t = 303 + l. What is the greatest common factor of g and t?
20
Suppose 3*f - 15345 = 3*c, 4*f - 91*c = -89*c + 20464. Calculate the highest common divisor of f and 119.
119
Suppose -2736 = 34*c - 38*c. Suppose 3*l - 192 = 3*f - c, 5*f - 4*l - 823 = 0. Let q = f - 69. Calculate the greatest common divisor of 14 and q.
14
Let v be (-12)/(-26) + 924/364. Suppose -v*y - 6*h = -2*h - 5030, -5*h + 5032 = 3*y. What is the greatest common factor of 93 and y?
93
Let s = -1158 + 2193. Calculate the greatest common divisor of s and 184.
23
Suppose 3*d - 4*p - 14 = 0, 5*p - 194 + 204 = 0. Calculate the highest common divisor of d and 125.
1
Let o(i) = -3*i**3 - 66*i**2 + i + 25. Let p be o(-22). Suppose -5*w = -p*c - 667, -5*w - 7*c + 4*c = -673. Calculate the highest common factor of w and 201.
67
Suppose -1030 = 19*f - 1714. Suppose -3*n - 4*s = -1288, n + 0*n = 4*s + 440. Calculate the highest common divisor of n and f.
36
Let y = -40 - -42. Suppose -2*i + 392 = -y*c + 14, -3*i = -c - 573. Calculate the highest common divisor of 24 and i.
24
Let t(j) = 2*j**3 + 5*j**2 + 6*j + 3. Let b be t(-2). Let o be (2/b)/(6 + 93/(-15